k) = -k**3 + k**2 - 3*k - 1. Let y(h) = 6*h**3 - 6*h**2 + 14*h + 15. Let n(u) = 5*m(u) + y(u). Let j(c) = 3*c - 21. Let w be j(7). What is n(w)?
10
Let b(m) be the second derivative of m**3/3 - 13*m**2 + m - 235. Calculate b(10).
-6
Suppose -y = -x + 12, -4 + 24 = 5*x + 5*y. Let w(q) = 927*q - 28. Let b(n) = 371*n - 14. Let p(a) = -5*b(a) + 2*w(a). Calculate p(x).
6
Let d(z) be the first derivative of -2*z**3 - 2 + 6 - 3. Suppose 5*t + 264*t = 300 - 31. Calculate d(t).
-6
Let q(l) = 14 - 146*l - 9 + 11 - 151*l + 295*l. What is q(-11)?
38
Let v(p) be the third derivative of p**5/60 + p**4/24 - p**3/3 + 8*p**2. Let r = -26 - -24. Determine v(r).
0
Let d be 74/(-26) + (-162)/1053. Let y(l) = -3*l**3 - 6*l**2 + 3*l + 5. What is y(d)?
23
Let q(w) be the second derivative of 2*w**4/3 - 103*w**3/6 - 2*w**2 + 51*w + 3. Let a be q(13). Let b(r) = r**3 - 10*r**2 + 10*r - 5. Give b(a).
4
Let k(g) be the third derivative of -5*g**4/24 + 11*g**3 - 9777*g**2. Give k(10).
16
Let s(i) = 2*i**2 - 2*i**2 - 10 + 5*i**2 - 23*i**2 + 8*i + 19*i**2. Determine s(-9).
-1
Let y(q) be the first derivative of -q**4/4 + 2*q**3 + 17*q**2/2 - 6*q + 4. Let h be y(8). Let g(p) = -4*p + p**2 + 0 - 1 + h. What is g(5)?
6
Let s(k) = -6*k**3 - 29*k**2 - 13*k - 44. Let w(z) = -5*z**3 - 28*z**2 - 14*z - 29. Let t(j) = 2*s(j) - 3*w(j). Calculate t(-8).
-1
Let t(i) = -4*i**2 - 6*i + 7. Let q(o) = 3*o**2 + 7*o - 9. Let f be (-220)/50 + 4/10. Let b(s) = f*q(s) - 5*t(s). Calculate b(-2).
29
Let y(i) = 4*i**3 + 8*i**2 - 5*i + 4. Let b(a) = -3*a**3 - 10*a**2 + 6*a - 5. Let r = -256 + 260. Let l(o) = r*b(o) + 5*y(o). Give l(1).
7
Let o(a) = -23*a + 241. Let t be o(10). Suppose 0 = 8*f + t*f - 171. Let s(g) = -g**3 + 8*g**2 + 9*g - 2. Give s(f).
-2
Let n(a) = 8*a**2 - 27*a + 96. Let t(h) = -4*h**2 + 15*h - 48. Let i(w) = 3*n(w) + 7*t(w). Let c(x) be the first derivative of i(x). Give c(4).
-8
Let r(t) = -t**2 - 9*t - 4. Suppose -5*o - 2 = -5*v - 22, 5*o + v = 26. Suppose -3*k + 57 = -2*a, -o*a - 13 = -5*k + 87. Let z = 11 - k. Determine r(z).
14
Suppose 0 = -4*l + 4*o + 60, -l - l + 18 = 2*o. Let h(s) = l - s + 17 - 28. Let q(w) = -w**3 + 18*w**2 - 16*w - 14. Let v be q(17). Determine h(v).
-2
Let n(a) be the first derivative of 9*a**2/2 + 88*a - 988. What is n(-11)?
-11
Let x = 633 - 632. Let b(n) = -5*n + 6. Give b(x).
1
Let i(r) = 94*r - 295. Let u be i(3). Let p(x) = 3*x + 12. Calculate p(u).
-27
Suppose -2*j = 2*b + 4, 4*j - 4*b - 131 = -107. Let s(t) be the third derivative of -7/6*t**3 + 12*t**j + 0 + 1/3*t**4 - 1/60*t**5 + 0*t. Calculate s(5).
8
Suppose 2*a = 2*w - 36, 4*a - 5*w + 57 = -4*w. Let f be ((-4)/16)/(a/(-4) + -3). Let t(o) = -5*o + 1. What is t(f)?
6
Let u(v) = 32*v + 1030. Let t be u(-32). Let p(g) = -7*g + 8*g - 2 - 2. What is p(t)?
2
Let c(s) be the second derivative of -s**4/12 + 7*s**2/2 - 75*s + 46. Determine c(0).
7
Suppose -3*n + 154 = -2*n. Let j(p) = 144*p**2 - 10*p - 10. Let x be j(-1). Let o(y) = -n - 5*y + 4*y + x. What is o(-9)?
-1
Suppose -3*s + 202 - 226 = -q, -40 = 5*s + 5*q. Let n(o) = o**2 + 9*o - 2. Calculate n(s).
-10
Let z = -4917 + 4928. Let i(h) = 17*h - 193. Calculate i(z).
-6
Let u(s) = -3 - 1 - 487*s**2 - 15*s**3 + s + 16*s**3 + 248*s**2 + 241*s**2. What is u(-3)?
-16
Suppose -304 = 7*g - 339. Suppose -41*s + 43*s = -g*d - 6, 4*d = 4*s - 16. Let x(i) = 0*i + i - 1 + 2*i - i**2. What is x(s)?
1
Let f(v) = 2*v + 86. Let y be -5*(-25)/125 + -8. Determine f(y).
72
Let y(f) = 2*f**2 + 20*f + 8. Let q be (-1)/1*0 + (-36)/(-56)*-14. What is y(q)?
-10
Let s(u) = -u + 12. Let f(a) = 35*a - 401. Let q(t) = f(t) + 5*s(t). What is q(11)?
-11
Let z(j) = -j**2 - 3*j - 2. Let m(d) = -d**3 - 10*d**2 + 14*d + 20. Let a be m(-10). Let g = -96 - a. Suppose 0 = -17*n + g*n + 35. Calculate z(n).
-12
Let r(f) = 4*f. Let c(h) = 3*h. Let j(u) = -5*c(u) + 3*r(u). Let o(k) = -9*k + 8. Let q be o(12). Let p = -98 - q. Calculate j(p).
-6
Let t(d) = 8*d**3 + 2*d**2 - 4*d - 44. Let n(u) = -3*u**3 - u**2 + 2*u + 22. Let v(w) = 5*n(w) + 2*t(w). Give v(0).
22
Let s(i) = 2*i + 3. Let t(m) = -8*m - 11. Suppose 134 = -5*a - 2*u, 32 = -a - 12*u + 9*u. Let l(o) = a*s(o) - 6*t(o). What is l(-4)?
4
Suppose -26 - 16 = -3*b. Let z = b + -62. Let y = z + 44. Let h(c) = c**3 + 5*c**2 + 4*c - 2. What is h(y)?
-2
Suppose -6 = i - 4*i. Let r(f) = 1 - 3*f**2 + f**2 + f**i + 3 - 4*f. Suppose -342*h + 84 = -363*h. What is r(h)?
4
Let n(s) = 4*s**2 + s - 3. Let z(m) = -5*m + 32. Let c = -342 + 349. Let o be z(c). Determine n(o).
30
Let c(w) = -w**3 + 3*w**2 + 2*w - 3. Let d be c(3). Let b(q) be the third derivative of q**5/60 + q**4/12 - q**3/6 - 19071*q**2 - 5. What is b(d)?
14
Let r(l) = 3*l**2 + 5*l + 2. Let j(o) = o**2 - 1. Suppose 23*s - 8 = 15. Let m(f) = s*r(f) - 2*j(f). Give m(-6).
10
Let q(x) = -35*x + 29. Suppose 0 = 4*t + 2*a, 3*t + 362*a = 357*a - 7. Give q(t).
-6
Let n(i) = -i**3 + 5*i**2 + 8*i - 2. Suppose -3*h - 5*p - 11 = 0, -4*h - 2*p - 10 = -0. Give n(h).
10
Let m(z) be the second derivative of z**4/4 - 2*z**3 - 7*z**2/2 - 8099*z. Determine m(4).
-7
Let l(g) = 5*g - 83. Let d(n) = -n + 14. Let x(i) = 6*d(i) + l(i). Let f(q) = -13*q - 81. Let r be f(-6). What is x(r)?
4
Let i(s) = 2*s - 5. Suppose -86*f + 71*f + 105 = 0. Give i(f).
9
Let w(d) = -d**2 + 5*d - 3. Let x(r) = -r**2 + 5*r - 1. Suppose 64 = -5*v + 14. Let p be (-8)/(-35)*v/4*-7. Let h be x(p). Calculate w(h).
3
Let d(o) be the second derivative of -o**3/2 - 3*o**2 - 89*o - 2. Let c be (-102)/17 - (-6)/3. Calculate d(c).
6
Let t(w) be the first derivative of -17 + 1/4*w**4 + 1/2*w**2 + 1/3*w**3 + 20*w. Give t(0).
20
Let m(c) be the second derivative of c**5/20 - c**4/12 - c**3 + c**2/2 + 2*c. Suppose -3570*t = -3615*t + 180. What is m(t)?
25
Suppose -40*z = 30*z - 280. Let a(m) = -m**2 + 6*m - 5. Determine a(z).
3
Let b(x) be the first derivative of -x**4/4 + x**3 - x**2 + 17*x + 2585. What is b(5)?
-43
Let g(u) = -75 - 9*u**2 - 8*u + 34*u + u**2 + 6*u**2. Let c be g(7). Let y(t) = 2*t - 9. Determine y(c).
9
Let r(q) = q**3 + 4*q**2 - 23*q - 31. Let o be r(-7). Let l(x) = -6*x - 107. What is l(o)?
-5
Suppose 0 = -c - 4*p + 5 + 1, 0 = 4*c - 4*p + 16. Let i(q) be the third derivative of -13*q**4/24 - q**3/6 + 648*q**2. Calculate i(c).
25
Let h = -6235 - -6242. Let l(d) = -d**3 + 10*d**2 - 8*d - 7. What is l(h)?
84
Let t(o) = -43*o + 73*o - 25*o. Let q be 3 - (6/(-15))/(2/(-10)). Calculate t(q).
5
Suppose -4 - 1 = -3*d - 5*l, 15 = d + 5*l. Let n(z) = z**2 - 23*z - 152. Determine n(d).
-12
Let t(x) = -x**2 - 3*x - 1. Let w = 119 + -228. Let j = -113 - w. What is t(j)?
-5
Let z(r) = r**2 - 6*r + 4. Let m = 6111 - 6100. Determine z(m).
59
Let c(b) = -27*b - 23*b + 77*b + 2 + 0 - 25*b. What is c(4)?
10
Let j(w) = 23*w**2 - 31*w. Let v(x) = 32*x**2 - 46*x. Let f(g) = 7*j(g) - 5*v(g). Calculate f(-13).
0
Let l(d) = 11*d + 715. Let r(w) = 11*w + 683. Let m(o) = 2*l(o) - 3*r(o). Determine m(-56).
-3
Let z(v) be the first derivative of v**4/4 - 11*v**3/3 + 9*v**2/2 + 2*v + 2. Let r be (396/330)/(3/25). Calculate z(r).
-8
Let w(o) = 4 + o - 12 - 9 + 2. Let x = -98 - -110. Let d be 2/x + (-14)/84. What is w(d)?
-15
Suppose -879 - 757 = 253*l + 1400. Let b(f) be the second derivative of f**5/20 + 11*f**4/12 - 2*f**3 - 5*f**2/2 + f. Calculate b(l).
-5
Let v(u) = 51*u**3 - 12*u**2 - 111*u**3 - 5 + 11 - 5 + 61*u**3 + 35*u. Give v(7).
1
Let f(c) = -17*c**3 + 4*c + 177899 + 3*c**3 - c**2 - 177895. Give f(-1).
13
Let u(t) = -t + 1. Let i(f) = -6*f + 5. Suppose 0 = -5*h - 2*a + 23, 4*h - 3*a = -1 + 24. Let o(g) = h*u(g) - i(g). What is o(-7)?
-7
Let f be ((-3)/(-1))/(6/(-128)). Let k = 73 + f. Let c(r) be the first derivative of -r**4/4 + 10*r**3/3 - 9*r**2/2 - 9. What is c(k)?
0
Suppose -557*n + 563*n = 60. Let f be (-12)/n*(-105)/(-14). Let z(j) = -j**3 - 9*j**2 - j - 13. Give z(f).
-4
Let l(t) = 0*t - 3*t + 119 - 13*t - 122 - 3*t. Give l(1).
-22
Let s(p) = -p**2 + 924*p + 8397. Let q be s(-9). Let k(d) = d**3 - 2*d + 16. Determine k(q).
16
Let x(o) = -1328 + 1316 - 2*o**2 + o**2 + 5*o**2. Calculate x(-5).
88
Suppose -156*f - 23 = -161*f - 4*i, -3*f = -3*i - 3. Let a(k) = -18*k + 37. Calculate a(f).
-17
Let j(f) = -5*f + f**3 - 8 - f**2 + 5 - 2*f - 3. Let a be j(-2). Let m(l) = -7*l - 3. Calculate m(a).
25
Let j be (-2)/1 - (-1710)/(